= 7*i + 4. Let u(t) = 7*t + 5. Let j(y) = 3*b(y) - 4*u(y). Let h be j(-13). Suppose -19 + h = 4*g. Calculate the highest common factor of g and 176.
16
Let n(a) = 2*a**3 + 34*a**2 + 63*a - 2. Let j be n(-14). What is the highest common factor of j and 365?
73
Let w(b) = 3 - 3 + 3 - 27*b. Let z be w(-6). Calculate the highest common factor of 15 and z.
15
Let w be (-861)/(-18) - (-2)/36*3. What is the greatest common divisor of 120 and w?
24
Let q = 586 - 551. Calculate the highest common factor of q and 875.
35
Suppose -5*d + 5*t + 10 = 0, 3*d = -2*t - 1 + 2. Suppose -a = -d - 15. Suppose 3*r + a = 88. Calculate the highest common divisor of r and 16.
8
Let z be 2 + 7/(-4) - (-276)/48. Calculate the greatest common divisor of z and 2058.
6
Let y(b) = b**2 + b - 4. Let t be y(-3). Suppose t*w - 3 = 3. Suppose x + w*x - 48 = 0. What is the highest common divisor of 6 and x?
6
Let x be ((-2)/(-4))/((-5)/(-20)). Let v be 64*(-1 + x/1). What is the greatest common factor of 8 and v?
8
Let s be (0 - 126) + (3 - 5). Let x = -68 - s. Suppose -21*k - 70 = -574. Calculate the highest common divisor of k and x.
12
Let o(j) = -31*j**3 - 10*j**2 - 8*j + 1. Let f be o(-1). What is the highest common factor of 45 and f?
15
Let r = -287 - -301. What is the highest common factor of 8 and r?
2
Let y = -68 + 208. Let h(s) = -s**3 + 44*s**2 + 91*s + 66. Let l be h(46). Calculate the greatest common divisor of y and l.
20
Let w(a) = -a**3 + 9*a**2 - 3*a + 5. Suppose 0 = -3*o - 2*t + 16, 2*t - t + 44 = 5*o. Let c be w(o). Calculate the greatest common divisor of c and 30.
15
Let m = 703 + -362. What is the highest common factor of m and 31?
31
Suppose 3*t = h - 31 - 23, -3*t = 3*h - 222. Let a = 39 - h. Let q be a/(-8)*(-504)/(-27). What is the greatest common factor of 28 and q?
14
Let b be -47*(-5)/2 - 260/(-104). Let g be (10/(-25))/(2/(-150)). What is the highest common divisor of b and g?
30
Suppose 0 = 4*h - 2*i - 374, 2*h + 5*i - 134 = 35. Let a(j) = 3*j**3 - j + 1. Let b be a(2). Calculate the greatest common factor of h and b.
23
Suppose -3*u = 4*y + 670, 4*u - 4*y - 448 = 6*u. Let m = u + 379. Suppose 0 = c - 2*l - 34, 4*c - l = -0*l + m. What is the greatest common divisor of c and 8?
8
Let t = -31 - -21. Let r be 4/t + 280/(-50). Let m be ((r/(-1))/2)/1. What is the greatest common factor of 18 and m?
3
Suppose 5*j - x = -432 - 204, -2*j - 4*x = 250. Let o = j + 128. What is the highest common divisor of o and 7?
1
Suppose 43 = 3*f + 16*v - 15*v, 0 = -4*v - 20. Calculate the highest common divisor of f and 34.
2
Let d(j) = j + 45. Let w be d(63). What is the highest common divisor of 2700 and w?
108
Let g(p) = 3*p. Let k(f) = 7*f + 1. Let t(v) = 9*g(v) - 4*k(v). Let u be t(-4). Suppose 0 = z - u*z - 95. What is the greatest common factor of z and 19?
19
Let x(r) = r**2 + 6*r - 158. Let m be x(10). Suppose 2*f - 5 - 1 = 0. Calculate the highest common divisor of m and f.
1
Let h = -24 - -28. Suppose -a = 4*m - 219, -195 - 223 = -2*a - h*m. Suppose -4*j + 201 = 2*p - a, 4 = 4*j. Calculate the greatest common divisor of 18 and p.
18
Let z(j) = -j**2 - 5*j + 3. Let a = 2 + -6. Let t be z(a). Let g = 4 + t. What is the greatest common factor of g and 121?
11
Let n = 91 - 73. Let q(t) = 2*t**2 - 30*t - 8. Let p be q(19). What is the greatest common divisor of n and p?
18
Let o be 58/6 + 20/60. Suppose -756 = -o*n + 1004. What is the greatest common factor of 11 and n?
11
Let g(w) = -8*w + 171. Let o be g(21). What is the greatest common factor of 27 and o?
3
Suppose 4*y - 22 = -2. Suppose -2*d - 54 = -y*d. What is the highest common factor of d and 6?
6
Suppose -16*o + 10*o = -2688. What is the highest common divisor of 24 and o?
8
Suppose 0 = 13*o - 11*o - 306. What is the greatest common divisor of o and 18?
9
Let g be (-528)/14*(-392)/42. Calculate the highest common divisor of g and 55.
11
Suppose 5*z + 725 = 8*i, -5*i + 455 = -3*z - 2*z. Suppose x - 36 = -x. What is the highest common divisor of x and i?
18
Suppose -4*g = -9*g. Suppose a - 12 = 3*f, a = -g*a + f + 6. Suppose 34 = a*n - 4*m - 59, 0 = -3*m + 9. Calculate the greatest common factor of n and 7.
7
Let v(m) = m**3 + 47*m**2 - 63*m - 115. Let r be v(-48). What is the highest common factor of 55 and r?
55
Let i be 18 + (-10 - -2) - -102. Calculate the greatest common divisor of 304 and i.
16
Suppose -4*a + 947 = -945. Calculate the highest common factor of 11 and a.
11
Suppose 0 = -4*i - 2 + 38. Let h be 123/i - (-2)/6. Let d be (14/(-28))/((-1)/140). What is the greatest common divisor of h and d?
14
Let v be ((-80)/(-200))/(2/360*2). Suppose 0*m - 695 = -3*m + 2*z, -464 = -2*m + z. Let q = m + -143. What is the highest common factor of v and q?
18
Let l be 4/(-4)*(-1 + (-129 - -2)). Let z(r) = 6*r - 8. Let y be z(4). What is the greatest common divisor of y and l?
16
Let k = 16 + -6. Let l be (0 - 0)/(-1 - -2). Suppose 2*h - 4 = -l. What is the highest common divisor of h and k?
2
Suppose y + 6 - 10 = 0, -y + 37 = 3*k. What is the greatest common factor of k and 1386?
11
Let f(t) = -t**2 + 6*t - 3. Let y = -22 - -36. Suppose 5*a - d = 2*d + y, -5*a + 2*d + 16 = 0. Let x be f(a). Calculate the highest common factor of x and 5.
5
Suppose -4*x - 5*f + 948 = 0, 3*x + 10*f = 15*f + 676. Calculate the greatest common factor of x and 16.
8
Let r = -579 - -942. Let o = 28 + -26. Let m be o/(-3) + (-101)/(-3). What is the highest common divisor of r and m?
33
Let s be -5*(-3 - 17)/5. Suppose 4*z = -0*z + 2*v + 130, -s = -4*v. What is the highest common divisor of 245 and z?
35
Let h = -30 + 33. Suppose h*r + 26 = 8. Let c be (-8)/r*(-72)/(-12). Calculate the greatest common divisor of c and 16.
8
Suppose -2*n - 2*n - 4 = 0. Let y be (-12 - -5)/(n/2). Let i(b) = -5*b - 19. Let d be i(-8). What is the greatest common factor of y and d?
7
Let l be (976/(-8))/(-2) + 9 + 6. Let z be 1 + 19 + -2 + 1. Calculate the greatest common divisor of l and z.
19
Let o(j) = j**3 + 31*j**2 + 18*j - 192. Let l be o(-30). What is the greatest common divisor of l and 56?
56
Suppose 8 = 2*d + 2. Let y = d - 1. Let h be ((-72)/20)/(y/(-10)). Calculate the greatest common factor of h and 2.
2
Let p(s) = 3*s**3 - 4*s**2 - 9*s + 20. Let b be p(6). What is the highest common factor of 94 and b?
94
Let s be ((4 - -2) + -6 + -930)/(-1). Calculate the highest common divisor of 62 and s.
62
Let s = 1459 - 1109. Calculate the greatest common divisor of 200 and s.
50
Let j be 2/(-1) - (-5 + -6). Let w = j - 6. Calculate the highest common divisor of 15 and w.
3
Suppose -p - 3*q = -8, -5*p - 3*q + 27 = -q. Suppose v + 3*v - 54 = -p*b, b = 4*v - 42. Calculate the highest common divisor of 77 and v.
11
Let h = 99 + -25. What is the highest common factor of h and 518?
74
Let y = 60 + -5. Let m = -12 + 109. Let i = -86 + m. Calculate the greatest common factor of y and i.
11
Let t be 2 - -857 - (-1 + (1 - 5)). Calculate the greatest common factor of t and 32.
32
Suppose -37*x - 60 = -41*x. Suppose 4*s + 7 - x = 4*b, -4*b + 37 = 5*s. Calculate the highest common divisor of b and 2.
1
Suppose -4*k + 5*k - 114 = 3*t, 4*t + 537 = 5*k. Calculate the greatest common factor of k and 15.
15
Suppose -39 = -5*l + 2*w - 2, -2*w = -4*l + 28. Let s = -12 - -21. What is the greatest common divisor of l and s?
9
Let i(u) = 4*u + 28. Let b be i(-5). Suppose 180 = -b*d + 13*d. Calculate the greatest common factor of d and 60.
12
Suppose 3*y - 5 = 64. Let c be 200/9 + -2 + 2/(-9). Let r = y - c. What is the greatest common factor of 24 and r?
3
Suppose -3*n = -5*v - 2, -4 = 2*n - v + 3*v. Let t = n - -3. Suppose g + 155 = 5*h + t*g, 5*h - 140 = -4*g. What is the highest common factor of 8 and h?
8
Let n be 129 - 32 - (-1 + 2). Calculate the highest common factor of n and 192.
96
Suppose -t = -5*l + 1, t - 2*l = -4 - 0. Let r = 18 + t. Calculate the highest common divisor of 48 and r.
12
Let l(r) = 2*r**2 - 46*r - 233. Let d be l(-5). Calculate the highest common divisor of d and 3008.
47
Let l = 21 - 18. Let o(f) = -f + 6. Let c be o(6). Suppose l*y - 147 - 150 = c. What is the highest common factor of y and 66?
33
Suppose -n + 21 = 2*r, -n + 3*n = 2*r + 12. Let p = -5 + n. Let j(y) = -y**3 + 5*y**2 + 5*y + 48. Let f be j(6). What is the highest common